ommon factor of 6 and 2406.
6
Calculate the greatest common divisor of 7367 and 139.
139
Calculate the greatest common divisor of 186 and 2139.
93
Calculate the greatest common factor of 1203 and 6416.
401
What is the greatest common factor of 28 and 378?
14
Calculate the greatest common factor of 567 and 42.
21
What is the highest common divisor of 84 and 6090?
42
Calculate the highest common factor of 1296 and 1377.
81
Calculate the greatest common divisor of 198 and 288.
18
What is the greatest common divisor of 2072 and 112?
56
What is the highest common divisor of 368 and 18032?
368
Calculate the highest common factor of 405 and 180.
45
Calculate the highest common divisor of 114342 and 51.
51
What is the greatest common factor of 3353 and 21?
7
What is the highest common factor of 847 and 385?
77
What is the greatest common divisor of 4368 and 120?
24
Calculate the highest common divisor of 492 and 7503.
123
Calculate the highest common divisor of 121 and 3311.
11
Calculate the highest common factor of 84 and 372.
12
Calculate the greatest common divisor of 232 and 144.
8
Calculate the greatest common divisor of 52 and 468.
52
Calculate the greatest common divisor of 115 and 10.
5
What is the greatest common divisor of 64 and 94?
2
Calculate the greatest common divisor of 7620 and 60.
60
What is the greatest common factor of 82 and 1189?
41
Calculate the highest common factor of 6465 and 45.
15
Calculate the greatest common divisor of 1591 and 86.
43
What is the highest common factor of 76 and 4?
4
What is the highest common factor of 96 and 204?
12
What is the highest common divisor of 1813 and 111?
37
Calculate the greatest common divisor of 198 and 682.
22
Calculate the greatest common factor of 12 and 78.
6
What is the greatest common factor of 77 and 8701?
77
Calculate the greatest common factor of 517 and 187.
11
What is the greatest common divisor of 119 and 77?
7
What is the highest common factor of 11 and 13552?
11
What is the greatest common divisor of 4602 and 472?
118
What is the highest common factor of 306 and 36?
18
Calculate the highest common divisor of 741 and 273.
39
What is the greatest common factor of 224 and 476?
28
Calculate the highest common divisor of 1352 and 520.
104
Calculate the greatest common factor of 205 and 155.
5
Calculate the greatest common divisor of 237 and 316.
79
What is the highest common factor of 817 and 43?
43
What is the highest common divisor of 858 and 78?
78
Calculate the greatest common factor of 261 and 27.
9
What is the greatest common divisor of 30720 and 20?
20
What is the highest common divisor of 19 and 1634?
19
What is the greatest common factor of 5796 and 84?
84
What is the greatest common factor of 86 and 774?
86
Calculate the greatest common divisor of 3870 and 855.
45
What is the highest common divisor of 24 and 696?
24
What is the greatest common factor of 28824 and 24?
24
Calculate the highest common divisor of 1135 and 1362.
227
What is the highest common divisor of 36 and 1452?
12
What is the highest common factor of 1027 and 104?
13
Calculate the highest common divisor of 3267 and 243.
27
What is the greatest common factor of 34 and 289?
17
Calculate the greatest common factor of 740 and 10.
10
What is the highest common factor of 1992 and 96?
24
Calculate the greatest common factor of 160 and 32.
32
Calculate the highest common divisor of 70 and 2198.
14
Calculate the greatest common divisor of 171 and 9.
9
Calculate the highest common divisor of 198 and 324.
18
Calculate the highest common divisor of 16 and 424.
8
What is the greatest common divisor of 9 and 96?
3
What is the greatest common factor of 551 and 1?
1
Calculate the highest common factor of 210 and 1134.
42
Calculate the greatest common divisor of 1152 and 180.
36
What is the highest common factor of 217 and 5859?
217
Calculate the highest common factor of 5 and 85.
5
Calculate the greatest common divisor of 33 and 14619.
33
Calculate the highest common divisor of 3383 and 2985.
199
What is the highest common factor of 69 and 368?
23
Calculate the greatest common divisor of 301 and 4214.
301
Calculate the greatest common divisor of 330 and 66.
66
What is the greatest common divisor of 517 and 11?
11
What is the greatest common divisor of 1136 and 12212?
284
What is the greatest common divisor of 1581 and 93?
93
Calculate the highest common divisor of 3405 and 15.
15
Calculate the greatest common divisor of 18 and 522.
18
Calculate the greatest common factor of 250 and 1950.
50
What is the highest common divisor of 992 and 744?
248
Calculate the highest common factor of 48 and 312.
24
What is the highest common factor of 2565 and 1520?
95
Calculate the greatest common divisor of 702 and 39.
39
What is the greatest common divisor of 454 and 4?
2
What is the highest common factor of 175 and 25?
25
Calculate the greatest common factor of 156 and 4875.
39
What is the greatest common factor of 531 and 18?
9
Calculate the greatest common divisor of 2 and 13322.
2
Calculate the greatest common divisor of 43 and 172.
43
What is the highest common divisor of 504 and 666?
18
Calculate the greatest common factor of 242 and 19118.
242
What is the greatest common divisor of 81 and 306?
9
What is the highest common divisor of 1112 and 16?
8
What is the greatest common divisor of 368 and 253?
23
What is the highest common divisor of 4 and 26?
2
Calculate the greatest common divisor of 1809 and 7035.
201
Calculate the highest common factor of 19 and 608.
19
What is the greatest common divisor of 72 and 126?
18
Calculate the greatest common divisor of 3070 and 5.
5
What is the greatest common divisor of 9 and 80?
1
What is the greatest common factor of 14794 and 26?
26
What is the highest common factor of 45 and 31200?
15
What is the greatest common divisor of 110 and 10?
10
What is the highest common factor of 1090 and 4?
2
What is the highest common divisor of 248 and 104?
8
What is the greatest common divisor of 40 and 20?
20
Calculate the highest common factor of 253 and 44.
11
What is the greatest common divisor of 49 and 343?
49
Calculate the highest common factor of 16 and 544.
16
What is the highest common factor of 832 and 52?
52
Calculate the greatest common divisor of 11907 and 9.
9
Calculate the greatest common factor of 294 and 6.
6
Calculate the highest common factor of 923 and 39.
13
What is the greatest common factor of 16 and 6264?
8
Calculate the greatest common factor of 144 and 54.
18
Calculate the highest common divisor of 48 and 4302.
6
Calculate the greatest common factor of 108 and 468.
36
What is the highest common divisor of 20 and 5700?
20
What is the highest common divisor of 585 and 30?
15
What is the highest common factor of 384 and 24?
24
Calculate the greatest common factor of 1068 and 12.
12
What is the greatest common factor of 95152 and 304?
304
Calculate the highest common factor of 3640 and 104.
104
Calculate the greatest common factor of 170 and 270.
10
Calculate the highest common factor of 1360 and 255.
85
Calculate the highest common divisor of 1368 and 627.
57
What is the greatest common factor of 1222 and 376?
94
Calculate the highest common factor of 38 and 874.
38
Calculate the greatest common factor of 23048 and 67.
67
What is the highest common divisor of 650 and 150?
50
What is the highest common divisor of 411 and 5617?
137
What is the greatest common factor of 1782 and 44?
22
Calculate the greatest common factor of 795 and 6837.
159
Calculate the greatest common divisor of 64 and 2888.
8
What is the highest common factor of 2968 and 56?
56
Calculate the highest common factor of 2 and 18.
2
Calculate the highest common factor of 155 and 1426.
31
Calculate the highest common divisor of 174 and 42.
6
What is the highest common divisor of 8217 and 99?
99
Calculate the greatest common factor of 999 and 54.
27
Calculate the highest common factor of 256 and 24.
8
Calculate the highest common factor of 21 and 2499.
21
Calculate the highest common divisor of 121 and 13.
1
Calculate the highest common factor of 156 and 676.
52
Calculate the highest common factor of 11 and 82456.
11
Calculate the highest common factor of 44 and 1958.
22
What is the highest common divisor of 16 and